of -8 + 12 + -8 + -3?
-7
What is (2 - (-4 - -3 - -7)) + 2 + 9?
7
What is 1 + (0 - 8) - (65 - (44 - -3))?
-25
What is -4 - -15 - -8 - 6?
13
What is 7 + -6 + 3 - (1 - (0 - 0))?
3
What is the value of -6 + (9 - ((-6 - -2) + 4 - 5))?
8
Evaluate (-10 - (-4 + 1) - 1) + 10 + -5.
-3
Evaluate 8 - (6 - 0) - ((8 - 5) + 6).
-7
-2 - ((1 - -7) + -18) - -5
13
What is -2 + 6 + 2 + (1 - 15) + -1?
-9
Calculate -3 + (65 + -31 - 52).
-21
Evaluate (-16 + 1 + -2 - 1) + 197 + -188.
-9
What is the value of -24 + (18 - 4) + (-2 - (-1 + 14))?
-25
What is the value of (27 - 3) + -8 - -1?
17
Calculate 2 + 0 - 8 - (-23 - -4 - 3).
16
What is the value of (-8 - -9) + 36 + (-6 - 4)?
27
What is the value of 3 - 3 - (-6 - 15 - -1) - 0?
20
-149 + 160 - (-5 + 13)
3
What is the value of 5 - (-7 - -11 - 1 - -10)?
-8
Evaluate 21 + 4 + -4 + 0 + -5 + 5.
21
11 + -7 + -1 - 2 - (-10 - -1)
10
Calculate -16 + (30 - (23 - -18)).
-27
What is 14 + (13 - (-1 + 29))?
-1
What is the value of -9 + -10 + 28 + (-26 - (-2 - -1))?
-16
Calculate 3 + (-1 - (-10 + 8)) - -3.
7
Evaluate -6 - (-15 + 2) - 12.
-5
Calculate 1 + 1 - ((-27 - -8) + 28).
-7
What is the value of (-36 - -12 - -18) + (1 - 8)?
-13
What is the value of -6 - (-20 + -5 + 45)?
-26
What is -6 + 9 + -3 + 18 + -55 + 10?
-27
What is the value of 14 + -20 + 11 + -16?
-11
Evaluate (-186 - -224) + (-10 - 5).
23
What is -32 - -18 - (-44 + 10)?
20
Evaluate 0 - (10 + -26 + 9).
7
What is the value of (-20 - -3) + 27 - 4?
6
What is 14 - 2 - (30 - 10)?
-8
4 + (-6 - (-7 + (-7 - 0) + 26))
-14
Calculate 31 - (14 + -26 + 25).
18
What is -13 + (4 - (-12 + 8 - -5))?
-10
What is 2 + 8 + 0 + 49 + -45?
14
Calculate (8 - 0) + (-2 - 4) + -6.
-4
Calculate (-1 - -1) + -25 + (43 - 22) - 0.
-4
(19 - 19) + (6 - (36 - 1))
-29
Evaluate 5 + 0 + 48 + -43.
10
-18 + 7 + -36 + 34
-13
What is 135 + -108 - (1 + 28)?
-2
What is 20 + (169 - 168 - (1 - -10))?
10
What is the value of -40 - (-21 + -17) - (-3 + 2)?
-1
What is the value of -14 - (-24 + 25 + 13)?
-28
0 + 2 + -5 + 2 + -617 + 622
4
Calculate -15 + 14 + 0 - 1.
-2
Calculate (4 - 22 - 22) + 33.
-7
What is (-14 + (12 - 6) - 0) + 4 - -8?
4
Calculate -25 - (-11 + 2 - (-9 - (3 + -8))).
-20
Calculate -17 - (-5 - (0 - (36 - 18))).
-30
Evaluate 19 - (-16 - -68 - 21).
-12
Evaluate -1 - ((1 - 2) + (-6 - -5) + 13).
-12
Calculate (-918 - -922) + 0 + -1 + -8 + -1.
-6
-550 - -563 - (-1 + 36)
-22
What is the value of (403 - 398) + (-1 - 24)?
-20
Evaluate -3 - -1 - (615 - 594).
-23
What is the value of (-10 - -13) + -3 - -40 - 12?
28
What is the value of 22 + (-1 - -26) + -60?
-13
What is -2 - (1 + -5 - 0) - (100 - 62)?
-36
What is the value of -7 - -3 - (-12 + (-17 - -7))?
18
Calculate -8 + 7 + (-8 - -8) + 0.
-1
What is the value of -6 - (-7 - ((-1 - 1) + 3 + 12))?
14
(-3 - 4) + 6 + -5 + 10
4
What is the value of 1 + -8 + (254 - 276)?
-29
What is -14 - (-2 - (-8 + 11))?
-9
What is (24 - (22 + 1)) + -23?
-22
What is the value of 32 - (-3 - 8) - 19 - 18?
6
What is -6 + -7 + 7 + 12 + (-4 - 2)?
0
0 + -1 + (-522 - -497)
-26
(17 - 41 - -10) + 3 + 0 + 1
-10
What is -24 + (-11 - -31) - (-3 + 2 + 0)?
-3
-11 - (-20 - (7 - 23))
-7
What is (-58 - (-6 - 24)) + 12?
-16
What is 26 - (7 + -13 + 18)?
14
(1 + -6 - -1) + (-191 - -176)
-19
0 - (3 + -4) - (-6 + 9 + -5)
3
What is the value of -21 + (6 - 9) - -12?
-12
What is 22 - 1 - (25 + 14)?
-18
Evaluate -3 + 3 + 5 - 8 - 3.
-6
Evaluate -12 + (-5 - 1 - -32) + -13.
1
What is the value of -24 - (41 + -26 + -29)?
-10
What is -11 - ((15 - (13 - -1)) + -22)?
10
Calculate (0 - -4 - 1) + 1813 + -1820.
-4
What is (-23 - -26) + (-21 - -1) + 7?
-10
Calculate -2 + 0 + 18 - (-12 + 12) - 7.
9
What is the value of 1 - ((0 - -4) + (-9 - -6) + 6)?
-6
-2 + (-6 - (-2 + 1)) + 3 + -8
-12
15 + -2 + (-44 - -29)
-2
Calculate 18 + (15 - 14) + -9.
10
7 + 3 + 4 + -1
13
Evaluate 1 - (8 - -2 - (8 - (2 + 3))).
-6
What is the value of 13 - (25 + -17) - (-1 + -2)?
8
Calculate 11 + -13 + (24 - 11).
11
What is 6 + -12 + (6 - (6 + 5) - -36)?
25
Calculate (-4 + 6 - (-1 + 4) - -12) + -5.
6
9 + 12 + -29 + (-12 - -4)
-16
What is the value of -8 + 3 + -10 + (7 + 19 - -3)?
14
What is the value of (-23 - 2 - -20) + 19?
14
Evaluate (2 + (-1 - -8) - (-53 + 56)) + -25.
-19
What is 6 - (6 + 4 + -4)?
0
Evaluate (-17 - (3 + -8)) + 20.
8
What is the value of (20 - -1 - 0) + (54 - 36 - 27)?
12
Evaluate 2 - (-15 - (0 - 9)).
8
What is the value of (-11 - -26) + (-6 - 3) + 0?
6
What is the value of 1 + 6 + 4 - (24 - (-4 + 40))?
23
-23 + 6 + 4 + (-1 - -5)
-9
0 + (1 - 0) - -1 - (70 - 74)
6
8 + (-1 - (-7 + 5 - -12))
-3
Calculate -3 + 0 + -9 + 6 - (-17 + -1).
12
What is the value of 30 - ((12 - 2) + 45)?
-25
What is -21 + (0 - (-1 + -5 - -4 - -1))?
-20
Calculate -8 - 3 - -5 - 5.
-11
-1 + 0 + (-11 - 0) - (2298 - 2300)
-10
What is the value of -12 - (-8 - (2 + (1 - 7)) - 3)?
-5
Calculate (-19 - 5) + 18 - 5.
-11
What is the value of -2 + -2 + 0 - (59 + -59) - -27?
23
What is the value of 7 + (-9 - -8) + -4 + 10?
12
Calculate (-103 - -95) + 0 + 0 - 16.
-24
What is the value of -20 + 28 + -13 + 2?
-3
What is the value of (-7 - (6 + 3 - 6)) + -18 - -9?
-19
Evaluate 14 + 1 - (-39 - -18 - -24).
12
206 - 207 - (-6 - (0 + 1))
6
Evaluate -25 + (28 - (-25 - -12)).
16
What is -24 + 15 + -21 + 25?
-5
What is -5 + 33 + (11 - 5) + -3?
31
Evaluate 10 + (0 - 0) + (15 - 15).
10
Evaluate (172 - 176) + (-17 - -2 - (-7 + 10)).
-22
Calculate 48 + 11 + -57 - (1 - -5).
-4
Evaluate (-22 + 12 - (-5 - 12)) + 7 + -7.
7
Calculate 1 - -6 - (-346 - -340) - -11.
24
What is the value of 8 + (9 - -3) + (-2 - -2) + 2?
22
Calculate -8 + (-31 - -2) - -30.
-7
What is the value of (-4 - -4) + (-17 + 10 - -21)?
14
Calculate 45 + -41 - (-8 + -3).
15
Evaluate 14 + (15 - 14 - -1).
16
What is the value of (-108 - -100) + (0 - -12)?
4
Evaluate -53 + 27 - (5 - 32).
1
Evaluate -6 + 2 + (-421 - -440).
15
What is the value of (108 - 106) + -4 + 6 + 1 + -4?
1
Calculate 5 - 0 - (19 + 1 + -10).
-5
What is the value of -1 + 0 - (-6 - -1) - (74 - 69)?
-1
Calculate -355 + 349 - (-1 - (15 - 0)).
10
3 + -3 + 11 - (47 + -14)
-22
What is the value of 6 + (8 - (31 + -17)) + -13?
-13
What is -9 - (-8 - (-10 - 8) - 4)?
-15
What is 15 + 19 + -22 + 1?
13
Calculate (-1 - 15) + 4 + -28 + 35 + -29.
-34
What is the value of -5 + -2 + 7 - -15?
15
What is (-15 - -1) + (102 - 99 - (-12 + 4))?
-3
What is the value of 14 + (-6 + -6 + 5 - 2)?
5
Calculate 2 + -13 + 1 + 78 + -81.
-13
What is the value of 27 - 8 - (14 - (3 - -1))?
9
What is the value of (33 - 45) + (-12 - -3 - (2 + -4))?
-19
Calculate 13 + -3 + -26 + 2.
-14
What is the value of 10 + -2 + (-4 - ((-10 - -13) + -4))?
5
What is the value of (14 - 34) + 9 + (-15 - 0)?
-26
What is 9 - (9 + -2 + -11) - (4 - -1)?
8
Evaluate 1 + -3 + (-40 - -33).
-9
5 + (-3 + 13 + (12 - 10) - 7)
10
What is the value of (8 - (4 + -3 + 8)) + 1 + -20?
-20
What is the value of (4 - (-2 + -4)) + 2?
12
Calculate -8 - ((1 - 8) + -2 + 8).
-7
Evaluate -11 + 15 + -9 + 7 + -6.
-4
Calculate 11 - (9 - (9 + -6) - 20).
25
(-3 - 5) + 18 + 7 + (-4 - 3)
10
Calculate -5 + (13 + -14 - (-1 + 4)).
-9
Evaluate -25 + -1 + 278 + -271.
-19
Evaluate 1 + -3 + -1 + 0 - -3 - 2.
-2
What is (-10 - -4) + -1 - (-3 + 2)?
-6
Calculate -157 + 189 + (-18 - (-8 - -3)).
19
Calculate -17 - (-31 - -1) - (-2 + 23).
-8
(-4 - (-11 + 5 - -1 - 1)) + -16
-14
23 + -140 + 129 + (-4 - 0 - -1)
9
What is the value of 6 + (-23 - (-8 + -9)) + -1?
-1
Calculate 1 + -1 + -8 + 9 + 1 + -6.
-4
Calculate 9 + -3 - (-2 + 8) - (5 + 1).
-6
What is (-7 - (2 - 1)) + 1 + -10?
-17
1 + -1 + (-1 + -3 - 1) + -5
-10
(-9 - 6) + (-13 - -6) + 11
-11
Calculate 3 - ((-1 - (15 - 6)) + 5 + 15).
-7
What is the value of (-2 - -4) + 3 - (-65 + 79)?
-9
Calculate (5 - (-3 - -4)) + -4 - 4 - 17.
-21
Calculate 3 + -14 + 3 + (1 - 2) + -25.
-34
Evaluate -3 - ((10 - (10 - 10)) + -28).
15
1 + 13 + (-30 - -13) + 10
7
What is -15 - (10 + (-26 - 2))?
3
What is the value of -1 + (0 - 14) + 7?
-8
What is the value of (-6 - 1) + (-11 + 5 - -13)?
0
What is the value of 0 + 18 + (-132 - -123) - 11?
-2
Calculate (3 - (3 - 12 - -6)) + -8.
-2
Calculate (2 - (2 + 2)) + -17 - (76 - 82).
-13
What is (-2 + 5 - (1 + 0)) + 4 + 1?
7
-12 - (-7 - (-41 - -14 - -13))
-19
Calculate -10 + 41 + -15 + (-1 - 1).
14
Evaluate (-1 - 4) + (4 - 14) + -1.
-16
Evaluate (7 - -7) + -14 + -10.
-10
Calculate -7 + 5 +